{"id":1445,"date":"2022-02-13T11:39:20","date_gmt":"2022-02-13T11:39:20","guid":{"rendered":"https:\/\/www.cente.ro\/?page_id=1445"},"modified":"2022-02-13T11:39:20","modified_gmt":"2022-02-13T11:39:20","slug":"terapia-pentru-persoane-care-s-au-intalnit-cu-violenta","status":"publish","type":"page","link":"https:\/\/www.cente.ro\/?page_id=1445","title":{"rendered":"Terapia pentru persoane care s-au intalnit cu violenta"},"content":{"rendered":"\n<p>Violen\u0163a poate fi definit\u0103 ca o violare a drepturilor fiin\u0163ei umane, a dreptului la via\u0163\u0103, securitate, la demnitate \u015fi la integritatea fizic\u0103 \u015fi mental\u0103.<\/p>\n\n\n\n<p>Violen\u0163a \u00een familie este reprezentat\u0103 de orice ac\u0163iune fizic\u0103 sau verbal\u0103 s\u0103v\u00e2r\u015fit\u0103 cu inten\u0163ie de c\u0103tre un membru de familie \u00eempotriva altui membru de familie, care provoac\u0103 o suferin\u0163\u0103 fizic\u0103, psihic\u0103, sexual\u0103 sau un prejudiciu material, inclusiv \u00eempiedicarea femeii de a-\u015fi exercita drepturile \u015fi libert\u0103\u0163ile fundamentale.<\/p>\n\n\n\n<p>Consecin\u0163ele actelor de violen\u0163\u0103 sunt grave, incluz\u00e2nd: depresia, izolarea, idea\u0163ie suicidar\u0103, culpabilitate \u00een primii ani dup\u0103 abuz, dificult\u0103\u0163i de rela\u0163ionare, de stabilire \u015fi men\u0163inere a unor rela\u0163ii satisf\u0103c\u0103toare at\u00e2t cu partenerii, c\u00e2t \u015fi cu proprii copii.<\/p>\n\n\n\n<p>De cele mai multe ori, violen\u0163a \u00een familie are caracter ciclic. \u00centre dou\u0103 pusee violente pot ap\u0103rea momente de tandre\u0163e din partea agresorului, momente \u00een care subliniaz\u0103 cu promisiuni c\u0103 \u201enu se va mai \u00eentampla\u201d. De cele mai multe ori, victimele doresc \u00eencetarea violen\u0163elor,dar nu \u015fi a rela\u0163iei cu agresorul, motivele acestora fiind multiple: financiare, sentimente, copii sau teama de a fi judecate de lume. Ideea p\u0103r\u0103sirii agresorului este urmat\u0103 de ideea re\u00eentoarcerii la acesta, situa\u0163ie care poate deveni periculoas\u0103.<\/p>\n\n\n\n<p>\u015eedin\u0163ele de terapie se adreseaz\u0103 at\u00e2t victimelor, c\u00e2t \u015fi celor care practic\u0103 acte de violen\u0163\u0103.<\/p>\n\n\n\n<p>Rolul terapiei pentru persoanele care au fost victime ale violen\u0163ei este acela de a le ajuta s\u0103 ias\u0103 din acest cerc vicios, de a \u00eenva\u0163a semnele unui poten\u0163ial act de violen\u0163\u0103, astfel \u00eenc\u00e2t s\u0103 evite declan\u015farea acestuia, s\u0103 le ajute s\u0103 dep\u0103\u015feasc\u0103 traumele \u015fi efectele acestora l\u0103sate de urmele violen\u0163ei.<\/p>\n\n\n\n<p>Rolul terapiei adresate persoanelor care s-au lasat conduse de violen\u0163\u0103 este acela de a le &nbsp;ajuta s\u0103 \u00een\u0163eleag\u0103 mai bine efectele comportamentelor violente, de a transmite metode de recunoa\u015ftere a semnelor violen\u0163ei \u00eenainte ca aceasta s\u0103 preia st\u0103p\u00e2nire asupra lor, dar \u015fi modele de a controla violen\u0163a.<\/p>\n\n\n\n<ul class=\"wp-block-list\"><li><\/li><\/ul>\n","protected":false},"excerpt":{"rendered":"<p>Violen\u0163a poate fi definit\u0103 ca o violare a drepturilor fiin\u0163ei umane, a dreptului la via\u0163\u0103, securitate, la demnitate \u015fi la integritatea fizic\u0103 \u015fi mental\u0103. Violen\u0163a \u00een familie este reprezentat\u0103 de orice ac\u0163iune fizic\u0103 sau verbal\u0103 s\u0103v\u00e2r\u015fit\u0103 cu inten\u0163ie de c\u0103tre un membru de familie \u00eempotriva altui membru de familie, care provoac\u0103 o suferin\u0163\u0103 fizic\u0103, psihic\u0103, &hellip;<\/p>\n<p class=\"read-more\"> <a class=\"\" href=\"https:\/\/www.cente.ro\/?page_id=1445\"> <span class=\"screen-reader-text\">Terapia pentru persoane care s-au intalnit cu violenta<\/span> Read More &raquo;<\/a><\/p>\n","protected":false},"author":1,"featured_media":0,"parent":0,"menu_order":0,"comment_status":"closed","ping_status":"closed","template":"","meta":{"_monsterinsights_skip_tracking":false,"_monsterinsights_sitenote_active":false,"_monsterinsights_sitenote_note":"","_monsterinsights_sitenote_category":0,"site-sidebar-layout":"default","site-content-layout":"default","ast-main-header-display":"","ast-hfb-above-header-display":"","ast-hfb-below-header-display":"","ast-hfb-mobile-header-display":"","site-post-title":"","ast-breadcrumbs-content":"","ast-featured-img":"","footer-sml-layout":"","theme-transparent-header-meta":"","adv-header-id-meta":"","stick-header-meta":"","header-above-stick-meta":"","header-main-stick-meta":"","header-below-stick-meta":"","footnotes":""},"class_list":["post-1445","page","type-page","status-publish","hentry"],"_links":{"self":[{"href":"https:\/\/www.cente.ro\/index.php?rest_route=\/wp\/v2\/pages\/1445","targetHints":{"allow":["GET"]}}],"collection":[{"href":"https:\/\/www.cente.ro\/index.php?rest_route=\/wp\/v2\/pages"}],"about":[{"href":"https:\/\/www.cente.ro\/index.php?rest_route=\/wp\/v2\/types\/page"}],"author":[{"embeddable":true,"href":"https:\/\/www.cente.ro\/index.php?rest_route=\/wp\/v2\/users\/1"}],"replies":[{"embeddable":true,"href":"https:\/\/www.cente.ro\/index.php?rest_route=%2Fwp%2Fv2%2Fcomments&post=1445"}],"version-history":[{"count":1,"href":"https:\/\/www.cente.ro\/index.php?rest_route=\/wp\/v2\/pages\/1445\/revisions"}],"predecessor-version":[{"id":1446,"href":"https:\/\/www.cente.ro\/index.php?rest_route=\/wp\/v2\/pages\/1445\/revisions\/1446"}],"wp:attachment":[{"href":"https:\/\/www.cente.ro\/index.php?rest_route=%2Fwp%2Fv2%2Fmedia&parent=1445"}],"curies":[{"name":"wp","href":"https:\/\/api.w.org\/{rel}","templated":true}]}}